e the first derivative of -5*t**2/2 - 11*t + 91. Calculate the remainder when h(v) is divided by 10.
9
Suppose s + 24 = -5*n - 16, 2*n - 5*s + 43 = 0. What is the remainder when 7 is divided by 10*(5 + n/2)?
2
Let i(l) = l**3 + 2*l**2 + l - 2. Calculate the remainder when 237 is divided by i(2).
13
Let l be (-17)/(4/(-12)*3). Let z = -9 + l. Calculate the remainder when 10 is divided by z.
2
Suppose 5*w + 2*a - 12 = 3*a, -w + 3*a = -8. Let d(c) = 18*c - 1. Calculate the remainder when ((-60)/(-14))/(w/14) is divided by d(1).
13
Let x(l) = 82*l - 5. Calculate the remainder when x(11) is divided by 18.
15
Suppose -4*o - 4 = -24. Calculate the remainder when 139 is divided by o.
4
Let r(u) = -29*u**2 + 2*u + 2. Let x be r(-1). What is the remainder when (1 - 1)/(-4) - x is divided by 11?
7
Let b(s) = s**2 + s + 4. Let x be b(0). Suppose 7*w - 20 = 2*w + 5*u, -19 = -x*w + u. What is the remainder when 42 is divided by w?
2
Let b be (-10)/(-6) + 9/27. Suppose -t = -2*w - 22 - 16, 4*t = -b*w + 162. Calculate the remainder when 23 is divided by ((-18)/15)/((-6)/t).
7
Calculate the remainder when 14399/56 + (0 - 4)/32 is divided by 130.
127
Suppose 8*g + 20 = 12*g, y + 3*g - 287 = 0. What is the remainder when y is divided by 25?
22
Let u be (-1 + (-4 - -3 - -3))*3. Suppose 0*s + 245 = 4*s - 3*d, -3*d = -u. What is the remainder when s is divided by 11?
7
Let p(h) = -6*h - 18. Let r(d) = 8*d + 19. Let i(j) = 6*p(j) + 7*r(j). What is the remainder when i(15) is divided by 41?
38
Suppose 2*n - 41 = -5*l + 5*n, 2*n = -4*l + 24. Suppose 2*a - 2*z + 4*z = 62, 5*a + 2*z = 140. What is the remainder when a is divided by l?
5
Suppose 5*d - 42 = -q, d - 4 - 6 = -q. Suppose 2*o = -2*o - 8. Calculate the remainder when (-2)/5 + (o - (-261)/15) is divided by d.
7
Let b(x) = -5*x + 5. Let l be b(-5). Let s = l - 48. Let a = s + 28. Calculate the remainder when a is divided by 6.
4
Let c = 372 - 350. Calculate the remainder when c is divided by 7.
1
Suppose 5*y = 2*b + 1331 + 1169, -4*y + 2*b = -1998. Calculate the remainder when y is divided by 126.
124
What is the remainder when (-1)/(-4) - 3498/24*-1 is divided by 22?
14
Suppose 0 = 5*m + 5*a - 485 + 165, 5*a = 3*m - 192. Let s = -5 - -12. Suppose 4*w = 61 + s. What is the remainder when m is divided by w?
13
Let x = -144 + 215. What is the remainder when x is divided by 6?
5
Let y = -270 + 289. Calculate the remainder when 60 is divided by y.
3
Suppose 0 = 125*p - 199 - 676. Suppose 6 = -3*z, -o = 3*o - 2*z - 84. Suppose 3*d - 2*d - o = 0. Calculate the remainder when d is divided by p.
6
Let u(f) = -3 - 10 + 3*f + 0*f. What is the remainder when u(9) is divided by ((-2)/(-4))/1 - (-420)/56?
6
Suppose 15*b - 214 = 1886. Calculate the remainder when b is divided by 37.
29
Suppose 69 = -n + 81. What is the remainder when 466 is divided by n?
10
Let w(m) = 60*m - 119. Calculate the remainder when w(8) is divided by 26.
23
Let c(z) = 39*z - 6. Calculate the remainder when (254/(-8))/(8/(-32)) is divided by c(1).
28
Let q = 258 - 237. Calculate the remainder when 41 is divided by q.
20
Let o = -1193 + 1234. Calculate the remainder when 111 is divided by o.
29
Let b = 21 + -14. Let n be ((-1)/3)/(b/(-21)). Suppose -5*j - n = -5*z + 34, -z + 5*j + 11 = 0. What is the remainder when 21 is divided by z?
3
Let c = -92 + 102. What is the remainder when 118 is divided by c?
8
Suppose 199 + 401 = 75*u. Suppose 0 = -f - 0*f + 31. What is the remainder when f is divided by u?
7
Let g(m) be the first derivative of -m**2 + 10*m + 9. What is the remainder when 21 is divided by g(2)?
3
Let c = -217 - -280. What is the remainder when c is divided by 8?
7
Suppose -2 = 32*f - 1186. Calculate the remainder when 133 is divided by f.
22
Suppose 2*h + x + 4*x = -31, 0 = -h - 3*x - 15. Let t = h + 42. Suppose 9*z = 27*z - 234. What is the remainder when t is divided by z?
11
Suppose -5*h - 2*h = -154. Calculate the remainder when h is divided by (12/2)/(-1 - -2).
4
Suppose -11*u - 6 = -12*u. Suppose -5*r + 4*z = 41, -r - u*z = -2*z + 13. Let j(k) = -2*k - 2. What is the remainder when 62 is divided by j(r)?
14
Let b(u) = 2*u + 1. Let g(p) = p + 1. Let c(n) = -b(n) + 3*g(n). Let y be (-16)/(-3) - (-4)/6. Calculate the remainder when 29 is divided by c(y).
5
Let o be 0 + 4 + (-2)/(-2). Suppose 5*v = 10*v - 400. Suppose -o*u + v = -u. What is the remainder when 57 is divided by u?
17
Let b(p) = 2*p**3 + 7*p**2 - 19*p + 14. Calculate the remainder when b(4) is divided by 90.
88
Let n(f) = -f**2 - 7*f - 1. Suppose 0 = 5*g + 17 + 23. Let p be n(g). Let y = 19 + p. Calculate the remainder when 39 is divided by y.
9
Suppose -3*f = 9, -5*j = f - 0*f - 7. Suppose -l + 42 = j*l. Suppose -i - 2*a = -14 - 37, 207 = 4*i + 5*a. Calculate the remainder when i is divided by l.
11
Let x(v) = -4*v**3 - v**2 - v + 4. What is the remainder when x(-3) is divided by 37?
32
Suppose h = 41 + 69. What is the remainder when h is divided by 39?
32
Suppose 4676*o - 4673*o = 84. What is the remainder when 475 is divided by o?
27
Suppose -20*q - 177 = -677. What is the remainder when 174 is divided by q?
24
Let r(m) = m**2 + 20*m - 42. Calculate the remainder when 863 is divided by r(-24).
53
Suppose 2*n + 2*n + 3*c = -135, -c = 3*n + 105. Let g = 32 + n. What is the remainder when 4 - (g - (0 + 17)) is divided by 13?
12
Calculate the remainder when 375 is divided by 0 + 4*(-9)/(-4).
6
Suppose -5*m + 3*b = -79, 3*m + b = 27 + 26. What is the remainder when 220 is divided by m?
16
Let g(a) = -a**3 - 9*a**2 + 2*a + 8. Let c be g(-9). Let w = c + 23. Calculate the remainder when 50 is divided by w.
11
Let x be 1 + -4*1/(-2). Suppose -x*s - 63 = -3*g, -g - 17 = -2*s - 41. Suppose 70 + 18 = 8*u. What is the remainder when g is divided by u?
7
Suppose -107 + 915 = 8*p. Calculate the remainder when 121 is divided by p.
20
Suppose -3*a + 1 = 4. Let b(g) = -11*g**3 - 3*g**2 - 4*g - 2. Calculate the remainder when (60/35)/(a/(-21)) is divided by b(-1).
6
Let p = 35 - -202. What is the remainder when p is divided by 48?
45
Let p = -5 + 31. Let b(x) = 3*x + 1. Calculate the remainder when p is divided by b(2).
5
Suppose 0 = 17*g - 12*g - 15. Suppose -4*h - t + 40 = -2*t, -4*t = -g*h + 43. Calculate the remainder when h is divided by 5.
4
Suppose -9*o - 36 = -11*o. Let k = 73 - 70. Calculate the remainder when o is divided by k.
0
Let i(s) = -354*s - 1413. Suppose -200 = -4*k - k. Suppose k = 5*w - 2*z + 12, 3*w + z - 19 = 0. What is the remainder when w is divided by i(-4)?
0
Let r(j) = -6*j**3 + 4*j**2 + 10*j + 2. Suppose 2*m = -5*s - 10, -s + 2*m - 2 = 5*m. What is the remainder when r(s) is divided by 25?
21
Let b = -896 + 1082. Calculate the remainder when 569 is divided by b.
11
Suppose -51 = -g - 0*l + 3*l, 4*g - 3*l - 240 = 0. Calculate the remainder when 121 is divided by g.
58
Let t(y) = y**2 + 2*y + 18. Calculate the remainder when 248 is divided by t(6).
50
Let f(q) = 2*q**2 - 20*q - 123. Calculate the remainder when f(-14) is divided by 12.
9
Let a = -108 + 203. Calculate the remainder when a is divided by 17.
10
Let r(b) = -b**2 + 4*b. Let x be r(3). Suppose 0 = -x*z + 2 + 13. Suppose 0*c - 2*y = -2*c + 56, -36 = -c + 3*y. What is the remainder when c is divided by z?
4
Suppose -3*z + 150 = 5*f, -6*z - 124 = -3*f - z. Let s = 1015 - 884. What is the remainder when s is divided by f?
32
Let l be 16/9 - 28/(-126). Suppose 3*o - 2*o + 4 = l*w, 43 = 3*o + 5*w. Let r = -23 + 40. What is the remainder when r is divided by o?
5
Let t(y) = -y**2 - 6*y + 10. Let q be t(-7). Suppose -3*z = 2*d + q, 5*z - 1 = -d + 1. Calculate the remainder when 21 is divided by 11*(d + 1 + 3).
10
Let r = -253 + 261. Let j(c) = 30*c. Suppose -7*k + 3 = -4*k. Calculate the remainder when j(k) is divided by r.
6
Let k = -16 - -25. Let v(n) = 2*n**2 - 11*n + 4. Let t be v(k). Suppose -t - 14 = -3*a. What is the remainder when a is divided by 14?
13
Let h be ((-2)/(-9))/((-3)/(-27)). Suppose 6*w - 82 = h. Calculate the remainder when (43/2)/(7/w) is divided by 9.
7
Let u(l) = 21*l - 1. Let s = 308 + -299. Calculate the remainder when u(2) is divided by s.
5
Let u(j) = -2*j**2 + 65*j - 463. What is the remainder when 268 is divided by u(21)?
8
Let a(o) = 43*o**2 - 3*o - 3. Calculate the remaind